{"id":183,"date":"2020-06-04T18:09:51","date_gmt":"2020-06-04T17:09:51","guid":{"rendered":"https:\/\/die-krabbe-norddeich.de\/?page_id=183"},"modified":"2020-06-04T18:09:51","modified_gmt":"2020-06-04T17:09:51","slug":"die-lage","status":"publish","type":"page","link":"https:\/\/die-krabbe-norddeich.de\/?page_id=183","title":{"rendered":"Die Lage"},"content":{"rendered":"\n<p>Am Ende einer kurzen Privatstra\u00dfe finden Sie angenehme Ruhe. Gleichzeitig sind der Kurpark, der Strand sowie Bus, Einkaufsm\u00f6glichkeiten und das Herz Norddeichs fu\u00dfl\u00e4ufig zu erreichen.<\/p>\n\n\n\n<iframe src=\"https:\/\/www.google.com\/maps\/embed?pb=!1m18!1m12!1m3!1d3899.3962546579933!2d7.16175664273522!3d53.61491081680471!2m3!1f0!2f0!3f0!3m2!1i1024!2i768!4f13.1!3m3!1m2!1s0x47b610ca4f4d4503%3A0x5b2f78206955d247!2sNordmeerstra%C3%9Fe%2021%2C%2026506%20Norden!5e0!3m2!1sde!2sde!4v1591290297089!5m2!1sde!2sde\" width=\"600\" height=\"450\" frameborder=\"0\" style=\"border:0;\" allowfullscreen=\"\" aria-hidden=\"false\" tabindex=\"0\"><\/iframe>\n","protected":false},"excerpt":{"rendered":"<p>Am Ende einer kurzen Privatstra\u00dfe finden Sie angenehme Ruhe. Gleichzeitig sind der Kurpark, der Strand sowie Bus, Einkaufsm\u00f6glichkeiten und das Herz Norddeichs fu\u00dfl\u00e4ufig zu erreichen.<\/p>\n","protected":false},"author":2,"featured_media":0,"parent":0,"menu_order":0,"comment_status":"closed","ping_status":"closed","template":"","meta":{"ngg_post_thumbnail":0,"footnotes":""},"class_list":["post-183","page","type-page","status-publish","hentry"],"_links":{"self":[{"href":"https:\/\/die-krabbe-norddeich.de\/index.php?rest_route=\/wp\/v2\/pages\/183","targetHints":{"allow":["GET"]}}],"collection":[{"href":"https:\/\/die-krabbe-norddeich.de\/index.php?rest_route=\/wp\/v2\/pages"}],"about":[{"href":"https:\/\/die-krabbe-norddeich.de\/index.php?rest_route=\/wp\/v2\/types\/page"}],"author":[{"embeddable":true,"href":"https:\/\/die-krabbe-norddeich.de\/index.php?rest_route=\/wp\/v2\/users\/2"}],"replies":[{"embeddable":true,"href":"https:\/\/die-krabbe-norddeich.de\/index.php?rest_route=%2Fwp%2Fv2%2Fcomments&post=183"}],"version-history":[{"count":1,"href":"https:\/\/die-krabbe-norddeich.de\/index.php?rest_route=\/wp\/v2\/pages\/183\/revisions"}],"predecessor-version":[{"id":184,"href":"https:\/\/die-krabbe-norddeich.de\/index.php?rest_route=\/wp\/v2\/pages\/183\/revisions\/184"}],"wp:attachment":[{"href":"https:\/\/die-krabbe-norddeich.de\/index.php?rest_route=%2Fwp%2Fv2%2Fmedia&parent=183"}],"curies":[{"name":"wp","href":"https:\/\/api.w.org\/{rel}","templated":true}]}}